{"id":10391,"date":"2023-02-27T19:53:29","date_gmt":"2023-02-27T18:53:29","guid":{"rendered":"https:\/\/dembedesign.hu\/?post_type=product&#038;p=10391"},"modified":"2025-10-15T13:06:40","modified_gmt":"2025-10-15T11:06:40","slug":"geometrikus-babzsak-fekhely","status":"publish","type":"product","link":"https:\/\/dembedesign.hu\/en\/product\/geometrikus-babzsak-fekhely\/","title":{"rendered":"Geometrikus babzs\u00e1k fekhely"},"content":{"rendered":"<p><strong><q>A babzs\u00e1k fekhely kialak\u00edt\u00e1s\u00e1n\u00e1l nagy figyelmet ford\u00edtottunk a min\u0151s\u00e9gre \u00e9s k\u00e9nyelemre. T\u00f6k\u00e9letesen i<\/q><q>lleszkedik a kuty\u00e1k test\u00e9hez biztos\u00edtva ezzel a nyugodt pihen\u00e9st.\u00a0<\/q><q><\/q><q>A felhaszn\u00e1lt anyagok vegyszermentesek \u00e9s\u00a0<\/q><q>k\u00f6rnyezetk\u00edm\u00e9l\u0151 elj\u00e1r\u00e1ssal k\u00e9sz\u00fcltek.<\/q><\/strong><\/p>\n<p><strong>K\u00dcLS\u0150 HUZAT<\/strong><\/p>\n<ul>\n<li dir=\"auto\">V\u00edz\u00e1ll\u00f3 \u00e9s kop\u00e1s\u00e1ll\u00f3 k\u00fcls\u0151 huzat.<\/li>\n<li dir=\"auto\">Kimagasl\u00f3 a h\u00faz\u00e1ssal szembeni ellen\u00e1ll\u00f3 k\u00e9pess\u00e9ge.<\/li>\n<li dir=\"auto\">Strapab\u00edr\u00f3 m\u00e9gis kellemes tapint\u00e1s\u00fa.<\/li>\n<li dir=\"auto\">K\u00f6rnyezetk\u00edm\u00e9l\u0151, digit\u00e1lis nyomtat\u00e1ssal k\u00e9sz\u00fclt.<\/li>\n<li dir=\"auto\">Vegyszermentes, OEKO-TEX 100 tan\u00fas\u00edtv\u00e1ny\u00fa anyag.<\/li>\n<li dir=\"auto\">Rendk\u00edv\u00fcl k\u00f6nnyen tiszt\u00edthat\u00f3. Ak\u00e1r nedves ronggyal is k\u00f6nnyen tiszt\u00edthat\u00f3 a fel\u00fclete!<\/li>\n<li dir=\"auto\">Machine washable at 30 degrees!<\/li>\n<\/ul>\n<p><a href=\"https:\/\/dembedesign.hu\/en\/product-category\/fekhely\/\"><img decoding=\"async\" class=\"alignnone\" src=\"https:\/\/takoy.hu\/media\/baner\/Logo-OEKO-TEX.jpeg\" alt=\"babzs\u00e1k fekhely\" width=\"195\" height=\"96\" data-webpconverted=\"1\" \/><\/a><\/p>\n<p><strong>BELS\u0150 HUZAT<\/strong><\/p>\n<ul>\n<li dir=\"auto\">Strapab\u00edr\u00f3, kop\u00e1s\u00e1ll\u00f3 anyag.<\/li>\n<li dir=\"auto\">A szakad\u00e1s \u00e9s a foszl\u00e1s elker\u00fcl\u00e9se miatt v\u00e1lasztottunk ezt az anyagot.<\/li>\n<li dir=\"auto\">Tal\u00e1lhat\u00f3 rajta egy 1 m\u00e9teres cipz\u00e1r, \u00edgy b\u00e1rmikor szab\u00e1lyozhat\u00f3 a babzs\u00e1k kem\u00e9nys\u00e9ge.<\/li>\n<li dir=\"auto\">Hosszantart\u00f3 haszn\u00e1lat ut\u00e1n sem kell megv\u00e1lnunk t\u0151le. Elegend\u0151 \u00fajrat\u00f6lteni min\u0151s\u00e9gi t\u00f6ltettel.<\/li>\n<li dir=\"auto\">T\u00f6ltet n\u00e9lk\u00fcl mos\u00f3g\u00e9pben 30 fokon moshat\u00f3!<\/li>\n<\/ul>\n<p><strong style=\"font-size: 16px;\">T\u00d6LTET<\/strong><\/p>\n<ul>\n<li>Szab\u00e1lyos form\u00e1j\u00fa, I. oszt\u00e1ly\u00fa polisztirol gy\u00f6ngy\u00f6k.<\/li>\n<li>Nem tartalmaz olcs\u00f3, rossz min\u0151s\u00e9g\u0171 dar\u00e1l\u00e9kot vagy egy\u00e9b adal\u00e9kot!<\/li>\n<li>FONTOS! Hossz\u00fa ideig tart\u00f3\u00a0haszn\u00e1lat ut\u00e1n a goly\u00f3csk\u00e1k \u00f6sszenyom\u00f3dhatnak \u00e9s deform\u00e1l\u00f3dhatnak, \u00edgy vesz\u00edtenek t\u00e9rfogatukb\u00f3l. Term\u00e9szetesen a dupla cipz\u00e1r seg\u00edts\u00e9g\u00e9vel b\u00e1rmikor \u00fajrat\u00f6lthet\u0151. \u00cdgy \u00e9vek m\u00falva sem kell kidob\u00e1sra \u00edt\u00e9lni!<\/li>\n<\/ul>\n<p><a href=\"https:\/\/dembedesign.hu\/en\/product-category\/fekhely\/\"><img fetchpriority=\"high\" decoding=\"async\" class=\"n3VNCb alignnone\" src=\"https:\/\/cdn.shopify.com\/s\/files\/1\/2203\/0069\/files\/108_Ha_kornyezetbarat_vagy_a_polisztirol_gyongy_neked_valo.jpg?v=1502809171\" alt=\"babzs\u00e1k fekhely\" width=\"436\" height=\"290\" data-noaft=\"1\" \/><\/a><\/p>\n<p>&nbsp;<\/p>\n<p>&nbsp;<\/p>\n<p>&nbsp;<\/p>","protected":false},"excerpt":{"rendered":"<p><q>A babzs\u00e1k fekhely kialak\u00edt\u00e1s\u00e1n\u00e1l nagy figyelmet ford\u00edtottunk a min\u0151s\u00e9gre \u00e9s k\u00e9nyelemre. T\u00f6k\u00e9letesen illeszkedik a kuty\u00e1k test\u00e9hez biztos\u00edtva ezzel a nyugodt pihen\u00e9st. A felhaszn\u00e1lt anyagok vegyszermentesek \u00e9s k\u00f6rnyezetk\u00edm\u00e9l\u0151 elj\u00e1r\u00e1ssal k\u00e9sz\u00fcltek.<\/q><\/p>\n<p><strong>M\u00e9retek (\u00e1tm\u00e9r\u0151):<\/strong>\u00a0 90 cm<\/p>","protected":false},"featured_media":12680,"template":"","meta":{"om_disable_all_campaigns":false,"_monsterinsights_skip_tracking":false,"_monsterinsights_sitenote_active":false,"_monsterinsights_sitenote_note":"","_monsterinsights_sitenote_category":0,"site-sidebar-layout":"default","site-content-layout":"default","ast-site-content-layout":"default","site-content-style":"default","site-sidebar-style":"default","ast-global-header-display":"","ast-banner-title-visibility":"","ast-main-header-display":"","ast-hfb-above-header-display":"","ast-hfb-below-header-display":"","ast-hfb-mobile-header-display":"","site-post-title":"","ast-breadcrumbs-content":"","ast-featured-img":"","footer-sml-layout":"","theme-transparent-header-meta":"default","adv-header-id-meta":"","stick-header-meta":"","header-above-stick-meta":"","header-main-stick-meta":"","header-below-stick-meta":"","astra-migrate-meta-layouts":"default","ast-page-background-enabled":"default","ast-page-background-meta":{"desktop":{"background-color":"","background-image":"","background-repeat":"repeat","background-position":"center center","background-size":"auto","background-attachment":"scroll","background-type":"","background-media":"","overlay-type":"","overlay-color":"","overlay-opacity":"","overlay-gradient":""},"tablet":{"background-color":"","background-image":"","background-repeat":"repeat","background-position":"center center","background-size":"auto","background-attachment":"scroll","background-type":"","background-media":"","overlay-type":"","overlay-color":"","overlay-opacity":"","overlay-gradient":""},"mobile":{"background-color":"","background-image":"","background-repeat":"repeat","background-position":"center center","background-size":"auto","background-attachment":"scroll","background-type":"","background-media":"","overlay-type":"","overlay-color":"","overlay-opacity":"","overlay-gradient":""}},"ast-content-background-meta":{"desktop":{"background-color":"var(--ast-global-color-5)","background-image":"","background-repeat":"repeat","background-position":"center center","background-size":"auto","background-attachment":"scroll","background-type":"","background-media":"","overlay-type":"","overlay-color":"","overlay-opacity":"","overlay-gradient":""},"tablet":{"background-color":"var(--ast-global-color-5)","background-image":"","background-repeat":"repeat","background-position":"center center","background-size":"auto","background-attachment":"scroll","background-type":"","background-media":"","overlay-type":"","overlay-color":"","overlay-opacity":"","overlay-gradient":""},"mobile":{"background-color":"var(--ast-global-color-5)","background-image":"","background-repeat":"repeat","background-position":"center center","background-size":"auto","background-attachment":"scroll","background-type":"","background-media":"","overlay-type":"","overlay-color":"","overlay-opacity":"","overlay-gradient":""}}},"product_brand":[],"product_cat":[101],"product_tag":[507,406],"class_list":{"0":"post-10391","1":"product","2":"type-product","3":"status-publish","4":"has-post-thumbnail","6":"product_cat-fekhely-tal","7":"product_tag-babzsak","8":"product_tag-fekhely","9":"product_shipping_class-babzsak-fekhely-hazhozszallitas","10":"desktop-align-left","11":"tablet-align-left","12":"mobile-align-left","14":"first","15":"instock","16":"shipping-taxable","17":"purchasable","18":"product-type-variable"},"aioseo_notices":[],"_links":{"self":[{"href":"https:\/\/dembedesign.hu\/en\/wp-json\/wp\/v2\/product\/10391","targetHints":{"allow":["GET"]}}],"collection":[{"href":"https:\/\/dembedesign.hu\/en\/wp-json\/wp\/v2\/product"}],"about":[{"href":"https:\/\/dembedesign.hu\/en\/wp-json\/wp\/v2\/types\/product"}],"version-history":[{"count":13,"href":"https:\/\/dembedesign.hu\/en\/wp-json\/wp\/v2\/product\/10391\/revisions"}],"predecessor-version":[{"id":10407,"href":"https:\/\/dembedesign.hu\/en\/wp-json\/wp\/v2\/product\/10391\/revisions\/10407"}],"wp:featuredmedia":[{"embeddable":true,"href":"https:\/\/dembedesign.hu\/en\/wp-json\/wp\/v2\/media\/12680"}],"wp:attachment":[{"href":"https:\/\/dembedesign.hu\/en\/wp-json\/wp\/v2\/media?parent=10391"}],"wp:term":[{"taxonomy":"product_brand","embeddable":true,"href":"https:\/\/dembedesign.hu\/en\/wp-json\/wp\/v2\/product_brand?post=10391"},{"taxonomy":"product_cat","embeddable":true,"href":"https:\/\/dembedesign.hu\/en\/wp-json\/wp\/v2\/product_cat?post=10391"},{"taxonomy":"product_tag","embeddable":true,"href":"https:\/\/dembedesign.hu\/en\/wp-json\/wp\/v2\/product_tag?post=10391"}],"curies":[{"name":"wp","href":"https:\/\/api.w.org\/{rel}","templated":true}]}}

Geometrikus babzsák fekhely

<p><strong><q>A babzsák fekhely kialakításánál nagy figyelmet fordítottunk a minőségre és kényelemre. Tökéletesen i</q><q>lleszkedik a kutyák testéhez biztosítva ezzel a nyugodt pihenést. </q><q></q><q>A felhasznált anyagok vegyszermentesek és </q><q>környezetkímélő eljárással készültek.</q></strong></p>
<p><strong>KÜLSŐ HUZAT</strong></p>
<ul>
<li dir="auto">Vízálló és kopásálló külső huzat.</li>
<li dir="auto">Kimagasló a húzással szembeni ellenálló képessége.</li>
<li dir="auto">Strapabíró mégis kellemes tapintású.</li>
<li dir="auto">Környezetkímélő, digitális nyomtatással készült.</li>
<li dir="auto">Vegyszermentes, OEKO-TEX 100 tanúsítványú anyag.</li>
<li dir="auto">Rendkívül könnyen tisztítható. Akár nedves ronggyal is könnyen tisztítható a felülete!</li>
<li dir="auto">Machine washable at 30 degrees!</li>
</ul>
<p><a href="https://dembedesign.hu/en/product-category/fekhely/"><img decoding="async" class="alignnone" src="https://takoy.hu/media/baner/Logo-OEKO-TEX.jpeg" alt="babzsák fekhely" width="195" height="96" data-webpconverted="1" /></a></p>
<p><strong>BELSŐ HUZAT</strong></p>
<ul>
<li dir="auto">Strapabíró, kopásálló anyag.</li>
<li dir="auto">A szakadás és a foszlás elkerülése miatt választottunk ezt az anyagot.</li>
<li dir="auto">Található rajta egy 1 méteres cipzár, így bármikor szabályozható a babzsák keménysége.</li>
<li dir="auto">Hosszantartó használat után sem kell megválnunk tőle. Elegendő újratölteni minőségi töltettel.</li>
<li dir="auto">Töltet nélkül mosógépben 30 fokon mosható!</li>
</ul>
<p><strong style="font-size: 16px;">TÖLTET</strong></p>
<ul>
<li>Szabályos formájú, I. osztályú polisztirol gyöngyök.</li>
<li>Nem tartalmaz olcsó, rossz minőségű darálékot vagy egyéb adalékot!</li>
<li>FONTOS! Hosszú ideig tartó használat után a golyócskák összenyomódhatnak és deformálódhatnak, így veszítenek térfogatukból. Természetesen a dupla cipzár segítségével bármikor újratölthető. Így évek múlva sem kell kidobásra ítélni!</li>
</ul>
<p><a href="https://dembedesign.hu/en/product-category/fekhely/"><img fetchpriority="high" decoding="async" class="n3VNCb alignnone" src="https://cdn.shopify.com/s/files/1/2203/0069/files/108_Ha_kornyezetbarat_vagy_a_polisztirol_gyongy_neked_valo.jpg?v=1502809171" alt="babzsák fekhely" width="436" height="290" data-noaft="1" /></a></p>
<p>&nbsp;</p>
<p>&nbsp;</p>
<p>&nbsp;</p>

<p><q>A babzsák fekhely kialakításánál nagy figyelmet fordítottunk a minőségre és kényelemre. Tökéletesen illeszkedik a kutyák testéhez biztosítva ezzel a nyugodt pihenést. A felhasznált anyagok vegyszermentesek és környezetkímélő eljárással készültek.</q></p>
<p><strong>Méretek (átmérő):</strong>  90 cm</p>
