{"id":16367,"date":"2025-04-22T10:12:05","date_gmt":"2025-04-22T08:12:05","guid":{"rendered":"https:\/\/dembedesign.hu\/?post_type=product&#038;p=16367"},"modified":"2026-04-21T17:19:23","modified_gmt":"2026-04-21T15:19:23","slug":"sheila-naturkozmetikum-vanilia-kutyasampon","status":"publish","type":"product","link":"https:\/\/dembedesign.hu\/en\/product\/sheila-naturkozmetikum-vanilia-kutyasampon\/","title":{"rendered":"Sheila Nat\u00farkozmetikum &#8211; Van\u00edlia kutyasampon"},"content":{"rendered":"<p><strong>A Sheila Nat\u00farkozmetikum van\u00edlia kutyasampon\u00a0hat\u00e9konyan tiszt\u00edt \u00e9s sz\u00fcnteti meg a kellemetlen szagokat. Term\u00e9szetes, b\u0151rbar\u00e1t \u00f6sszetev\u0151iket tartalmaz.\u00a0A benne l\u00e9v\u0151 ol\u00edvaolaj, arg\u00e1nolaj \u00e9s n\u00f6v\u00e9nyi keratin f\u00e9nyess\u00e9g teszi a kuty\u00e1k bund\u00e1j\u00e1t \u00e9s megk\u00f6nny\u00edti a kif\u00e9s\u00fcl\u00e9st<\/strong><strong>.\u00a0K\u0151olajsz\u00e1rmaz\u00e9kokt\u00f3l mentes!\u00a0<b>Veg\u00e1n.<\/b><\/strong><\/p>\n<p><a href=\"https:\/\/dembedesign.hu\/en\/product-category\/apolas_higienia\/\"><img decoding=\"async\" class=\"alignnone\" src=\"https:\/\/www.sheila-kozmetikum.hu\/wp-content\/uploads\/2021\/06\/logo-1.jpg\" alt=\"Sheila Nat\u00farkozmetikum - Van\u00edlia kutyasampon\" width=\"181\" height=\"95\" aria-hidden=\"false\" \/><\/a><\/p>\n<p><strong>PROPERTIES:<\/strong><\/p>\n<ul>\n<li>Term\u00e9szetes, b\u0151rbar\u00e1t \u00f6sszetev\u0151ket tartalmaz.<\/li>\n<li>K\u00edm\u00e9letesen tiszt\u00edtja \u00e9s \u00e1polja a kuty\u00e1k sz\u0151r\u00e9t \u00e9s b\u0151r\u00e9t.<\/li>\n<li>Kellemes van\u00edlia illatot biztos\u00edt.<\/li>\n<li>F\u00e9nyess\u00e9 var\u00e1zsolja a fak\u00f3 bund\u00e1t!<\/li>\n<li>R\u00f6vid- \u00e9s hossz\u00fa sz\u0151r\u0171 kuty\u00e1n is alkalmazhat\u00f3.<\/li>\n<li>K\u0151olajsz\u00e1rmaz\u00e9kokt\u00f3l \u00e9s mesters\u00e9ges sz\u00ednez\u00e9kekt\u0151l mentes!<\/li>\n<li>P\u00e1lmaolaj felhaszn\u00e1l\u00e1sa n\u00e9lk\u00fcl k\u00e9sz\u00fclt!<\/li>\n<li>Veg\u00e1n.<\/li>\n<\/ul>\n<p><strong><img decoding=\"async\" class=\"alignnone wp-image-8739\" src=\"https:\/\/dembedesign.hu\/wp-content\/uploads\/2022\/09\/Kepernyofoto-2022-08-29-19.51.31-300x295.png\" sizes=\"(max-width: 123px) 100vw, 123px\" srcset=\"https:\/\/dembedesign.hu\/wp-content\/uploads\/2022\/09\/Kepernyofoto-2022-08-29-19.51.31-300x295.png 300w, https:\/\/dembedesign.hu\/wp-content\/uploads\/2022\/09\/Kepernyofoto-2022-08-29-19.51.31-1024x1007.png 1024w, https:\/\/dembedesign.hu\/wp-content\/uploads\/2022\/09\/Kepernyofoto-2022-08-29-19.51.31-768x755.png 768w, https:\/\/dembedesign.hu\/wp-content\/uploads\/2022\/09\/Kepernyofoto-2022-08-29-19.51.31-12x12.png 12w, https:\/\/dembedesign.hu\/wp-content\/uploads\/2022\/09\/Kepernyofoto-2022-08-29-19.51.31-600x590.png 600w, https:\/\/dembedesign.hu\/wp-content\/uploads\/2022\/09\/Kepernyofoto-2022-08-29-19.51.31.png 1056w\" alt=\"\" width=\"123\" height=\"121\" \/>Nem tartalmaz p\u00e1lmaolajat, k\u0151olajsz\u00e1rmaz\u00e9kokat \u00e9s parab\u00e9nmentes!<\/strong><\/p>\n<p><strong>HOW TO USE YOUR DOG?<\/strong><\/p>\n<ul>\n<li>Alaposan r\u00e1zd fel a sampont!<\/li>\n<li>Langyos v\u00edzzel nedves\u00edtsd be a kutya sz\u0151r\u00e9t \u00e9s b\u0151r\u00e9t!<\/li>\n<li>Oszlasd el egyenletesen a sampont!<\/li>\n<li>D\u00f6rzs\u00f6ld a bund\u00e1j\u00e1ba, hogy l\u00e1gy hab k\u00e9pz\u0151dj\u00f6n!<\/li>\n<li>Hagyd hatni legal\u00e1bb 3 percig!<\/li>\n<li>Alaposan \u00f6bl\u00edtsd ki a bund\u00e1j\u00e1b\u00f3l!<\/li>\n<li>Sz\u00fcks\u00e9g eset\u00e9n ism\u00e9teld a folyamatot!<\/li>\n<li>V\u00e9g\u00fcl sz\u00e1r\u00edtsd meg a bund\u00e1j\u00e1t!<\/li>\n<\/ul>\n<p><strong>\u00d6SSZETEV\u0150K:<\/strong> AQUA, OLEA EUROPAEA FRUIT OIL, CAPRYLYL\/CAPRYL GLUCOSIDE, GLYCERIN, LAURYL GLUCOSIDE, COCAMIDOPROPYL BETAINE, ARGANIA SPINOSA KERNEL OIL, XANTHAN GUM, HYDROLYSED WHEAT PROTEIN, LACTIC ACID, BENZYL ALCOHOL, BENZOIC ACID, SORBIC ACID, VANILLIN<\/p>\n<p><strong style=\"font-size: 16px;\">Lej\u00e1rati id\u0151:<\/strong><span style=\"font-size: 16px;\"> szobah\u0151m\u00e9rs\u00e9kleten, napf\u00e9nyt\u0151l v\u00e9dve 30 fok alatt t\u00e1roland\u00f3.<\/span><\/p>\n<p><strong>Nyilv\u00e1ntart\u00e1si sz\u00e1ma:\u00a0<\/strong>1279\/1\/2019 N\u00c9BIH \u00c1TI (250 ml)<\/p>\n<p><strong>How many:<\/strong>\u00a0250 ml<\/p>\n<p>&nbsp;<\/p>\n<p>&nbsp;<\/p>","protected":false},"excerpt":{"rendered":"<p>A Sheila Nat\u00farkozmetikum van\u00edlia kutyasampon\u00a0hat\u00e9konyan tiszt\u00edt \u00e9s sz\u00fcnteti meg a kellemetlen szagokat. Term\u00e9szetes, b\u0151rbar\u00e1t \u00f6sszetev\u0151iket tartalmaz.\u00a0A benne l\u00e9v\u0151 ol\u00edvaolaj, arg\u00e1nolaj \u00e9s n\u00f6v\u00e9nyi keratin f\u00e9nyess\u00e9g teszi a kuty\u00e1k bund\u00e1j\u00e1t \u00e9s megk\u00f6nny\u00edti a kif\u00e9s\u00fcl\u00e9st.\u00a0K\u0151olajsz\u00e1rmaz\u00e9kokt\u00f3l mentes!\u00a0Veg\u00e1n.<\/p>\n<p><strong>Illat:\u00a0<\/strong>van\u00edlia<br \/>\n<strong>How many:<\/strong>\u00a0250 ml<\/p>","protected":false},"featured_media":16371,"template":"","meta":{"om_disable_all_campaigns":false,"_monsterinsights_skip_tracking":false,"_monsterinsights_sitenote_active":false,"_monsterinsights_sitenote_note":"","_monsterinsights_sitenote_category":0,"site-sidebar-layout":"default","site-content-layout":"default","ast-site-content-layout":"default","site-content-style":"default","site-sidebar-style":"default","ast-global-header-display":"","ast-banner-title-visibility":"","ast-main-header-display":"","ast-hfb-above-header-display":"","ast-hfb-below-header-display":"","ast-hfb-mobile-header-display":"","site-post-title":"","ast-breadcrumbs-content":"","ast-featured-img":"","footer-sml-layout":"","theme-transparent-header-meta":"default","adv-header-id-meta":"","stick-header-meta":"","header-above-stick-meta":"","header-main-stick-meta":"","header-below-stick-meta":"","astra-migrate-meta-layouts":"default","ast-page-background-enabled":"default","ast-page-background-meta":{"desktop":{"background-color":"","background-image":"","background-repeat":"repeat","background-position":"center center","background-size":"auto","background-attachment":"scroll","background-type":"","background-media":"","overlay-type":"","overlay-color":"","overlay-opacity":"","overlay-gradient":""},"tablet":{"background-color":"","background-image":"","background-repeat":"repeat","background-position":"center center","background-size":"auto","background-attachment":"scroll","background-type":"","background-media":"","overlay-type":"","overlay-color":"","overlay-opacity":"","overlay-gradient":""},"mobile":{"background-color":"","background-image":"","background-repeat":"repeat","background-position":"center center","background-size":"auto","background-attachment":"scroll","background-type":"","background-media":"","overlay-type":"","overlay-color":"","overlay-opacity":"","overlay-gradient":""}},"ast-content-background-meta":{"desktop":{"background-color":"var(--ast-global-color-5)","background-image":"","background-repeat":"repeat","background-position":"center center","background-size":"auto","background-attachment":"scroll","background-type":"","background-media":"","overlay-type":"","overlay-color":"","overlay-opacity":"","overlay-gradient":""},"tablet":{"background-color":"var(--ast-global-color-5)","background-image":"","background-repeat":"repeat","background-position":"center center","background-size":"auto","background-attachment":"scroll","background-type":"","background-media":"","overlay-type":"","overlay-color":"","overlay-opacity":"","overlay-gradient":""},"mobile":{"background-color":"var(--ast-global-color-5)","background-image":"","background-repeat":"repeat","background-position":"center center","background-size":"auto","background-attachment":"scroll","background-type":"","background-media":"","overlay-type":"","overlay-color":"","overlay-opacity":"","overlay-gradient":""}}},"product_brand":[],"product_cat":[100],"product_tag":[598,110,650,991],"class_list":{"0":"post-16367","1":"product","2":"type-product","3":"status-publish","4":"has-post-thumbnail","6":"product_cat-francia-bulldog-naturkozmetikum","7":"product_tag-kutyasampon","8":"product_tag-naturkozmetikum","9":"product_tag-sheila-naturkozmetikum","10":"product_tag-vanilias-kutyasampon","11":"desktop-align-left","12":"tablet-align-left","13":"mobile-align-left","15":"first","16":"instock","17":"shipping-taxable","18":"purchasable","19":"product-type-simple"},"aioseo_notices":[],"_links":{"self":[{"href":"https:\/\/dembedesign.hu\/en\/wp-json\/wp\/v2\/product\/16367","targetHints":{"allow":["GET"]}}],"collection":[{"href":"https:\/\/dembedesign.hu\/en\/wp-json\/wp\/v2\/product"}],"about":[{"href":"https:\/\/dembedesign.hu\/en\/wp-json\/wp\/v2\/types\/product"}],"version-history":[{"count":1,"href":"https:\/\/dembedesign.hu\/en\/wp-json\/wp\/v2\/product\/16367\/revisions"}],"predecessor-version":[{"id":16369,"href":"https:\/\/dembedesign.hu\/en\/wp-json\/wp\/v2\/product\/16367\/revisions\/16369"}],"wp:featuredmedia":[{"embeddable":true,"href":"https:\/\/dembedesign.hu\/en\/wp-json\/wp\/v2\/media\/16371"}],"wp:attachment":[{"href":"https:\/\/dembedesign.hu\/en\/wp-json\/wp\/v2\/media?parent=16367"}],"wp:term":[{"taxonomy":"product_brand","embeddable":true,"href":"https:\/\/dembedesign.hu\/en\/wp-json\/wp\/v2\/product_brand?post=16367"},{"taxonomy":"product_cat","embeddable":true,"href":"https:\/\/dembedesign.hu\/en\/wp-json\/wp\/v2\/product_cat?post=16367"},{"taxonomy":"product_tag","embeddable":true,"href":"https:\/\/dembedesign.hu\/en\/wp-json\/wp\/v2\/product_tag?post=16367"}],"curies":[{"name":"wp","href":"https:\/\/api.w.org\/{rel}","templated":true}]}}

Sheila Natúrkozmetikum &#8211; Vanília kutyasampon

<p><strong>A Sheila Natúrkozmetikum vanília kutyasampon hatékonyan tisztít és szünteti meg a kellemetlen szagokat. Természetes, bőrbarát összetevőiket tartalmaz. A benne lévő olívaolaj, argánolaj és növényi keratin fényesség teszi a kutyák bundáját és megkönnyíti a kifésülést</strong><strong>. Kőolajszármazékoktól mentes! <b>Vegán.</b></strong></p>
<p><a href="https://dembedesign.hu/en/product-category/apolas_higienia/"><img decoding="async" class="alignnone" src="https://www.sheila-kozmetikum.hu/wp-content/uploads/2021/06/logo-1.jpg" alt="Sheila Natúrkozmetikum - Vanília kutyasampon" width="181" height="95" aria-hidden="false" /></a></p>
<p><strong>PROPERTIES:</strong></p>
<ul>
<li>Természetes, bőrbarát összetevőket tartalmaz.</li>
<li>Kíméletesen tisztítja és ápolja a kutyák szőrét és bőrét.</li>
<li>Kellemes vanília illatot biztosít.</li>
<li>Fényessé varázsolja a fakó bundát!</li>
<li>Rövid- és hosszú szőrű kutyán is alkalmazható.</li>
<li>Kőolajszármazékoktól és mesterséges színezékektől mentes!</li>
<li>Pálmaolaj felhasználása nélkül készült!</li>
<li>Vegán.</li>
</ul>
<p><strong><img decoding="async" class="alignnone wp-image-8739" src="https://dembedesign.hu/wp-content/uploads/2022/09/Kepernyofoto-2022-08-29-19.51.31-300x295.png" sizes="(max-width: 123px) 100vw, 123px" srcset="https://dembedesign.hu/wp-content/uploads/2022/09/Kepernyofoto-2022-08-29-19.51.31-300x295.png 300w, https://dembedesign.hu/wp-content/uploads/2022/09/Kepernyofoto-2022-08-29-19.51.31-1024x1007.png 1024w, https://dembedesign.hu/wp-content/uploads/2022/09/Kepernyofoto-2022-08-29-19.51.31-768x755.png 768w, https://dembedesign.hu/wp-content/uploads/2022/09/Kepernyofoto-2022-08-29-19.51.31-12x12.png 12w, https://dembedesign.hu/wp-content/uploads/2022/09/Kepernyofoto-2022-08-29-19.51.31-600x590.png 600w, https://dembedesign.hu/wp-content/uploads/2022/09/Kepernyofoto-2022-08-29-19.51.31.png 1056w" alt="" width="123" height="121" />Nem tartalmaz pálmaolajat, kőolajszármazékokat és parabénmentes!</strong></p>
<p><strong>HOW TO USE YOUR DOG?</strong></p>
<ul>
<li>Alaposan rázd fel a sampont!</li>
<li>Langyos vízzel nedvesítsd be a kutya szőrét és bőrét!</li>
<li>Oszlasd el egyenletesen a sampont!</li>
<li>Dörzsöld a bundájába, hogy lágy hab képződjön!</li>
<li>Hagyd hatni legalább 3 percig!</li>
<li>Alaposan öblítsd ki a bundájából!</li>
<li>Szükség esetén ismételd a folyamatot!</li>
<li>Végül szárítsd meg a bundáját!</li>
</ul>
<p><strong>ÖSSZETEVŐK:</strong> AQUA, OLEA EUROPAEA FRUIT OIL, CAPRYLYL/CAPRYL GLUCOSIDE, GLYCERIN, LAURYL GLUCOSIDE, COCAMIDOPROPYL BETAINE, ARGANIA SPINOSA KERNEL OIL, XANTHAN GUM, HYDROLYSED WHEAT PROTEIN, LACTIC ACID, BENZYL ALCOHOL, BENZOIC ACID, SORBIC ACID, VANILLIN</p>
<p><strong style="font-size: 16px;">Lejárati idő:</strong><span style="font-size: 16px;"> szobahőmérsékleten, napfénytől védve 30 fok alatt tárolandó.</span></p>
<p><strong>Nyilvántartási száma: </strong>1279/1/2019 NÉBIH ÁTI (250 ml)</p>
<p><strong>How many:</strong> 250 ml</p>
<p>&nbsp;</p>
<p>&nbsp;</p>

<p>A Sheila Natúrkozmetikum vanília kutyasampon hatékonyan tisztít és szünteti meg a kellemetlen szagokat. Természetes, bőrbarát összetevőiket tartalmaz. A benne lévő olívaolaj, argánolaj és növényi keratin fényesség teszi a kutyák bundáját és megkönnyíti a kifésülést. Kőolajszármazékoktól mentes! Vegán.</p>
<p><strong>Illat: </strong>vanília<br />
<strong>How many:</strong> 250 ml</p>
