{"id":19307,"date":"2026-04-25T11:00:23","date_gmt":"2026-04-25T09:00:23","guid":{"rendered":"https:\/\/dembedesign.hu\/?post_type=product&#038;p=19307"},"modified":"2026-04-28T13:20:48","modified_gmt":"2026-04-28T11:20:48","slug":"noseprint-orr-es-mancsapolo-krem-hidratalo","status":"publish","type":"product","link":"https:\/\/dembedesign.hu\/en\/product\/noseprint-orr-es-mancsapolo-krem-hidratalo\/","title":{"rendered":"NosePrint &#8211; Orr \u00e9s mancs\u00e1pol\u00f3 kr\u00e9m (hidrat\u00e1l\u00f3)"},"content":{"rendered":"<p data-start=\"187\" data-end=\"553\"><strong data-start=\"187\" data-end=\"553\">A NosePrint egy term\u00e9szetes orr \u00e9s mancsr\u00e1pol\u00f3 kr\u00e9m. Hidrat\u00e1lja \u00e9s regener\u00e1lja a sz\u00e1raz, kirepedezett b\u0151rfel\u00fcletet, \u00edgy a mancsaira is nyugodtan kenhetitek. Term\u00e9szetes b\u0151rbar\u00e1t \u00f6sszetev\u0151ket tartalmaz. A benne l\u00e9v\u0151 shea vaj \u00e9s k\u00f3kuszolaj m\u00e9lyen t\u00e1pl\u00e1lja, nyugtatja \u00e9s v\u00e9di a b\u0151rt. Allergi\u00e1s \u00e9s \u00e9rz\u00e9kenyb\u0151r\u0171 kuty\u00e1knak sz\u00e1m\u00e1ra is ide\u00e1lis! Vegyszermentes.<\/strong><\/p>\n<p><strong>PROPERTIES:<\/strong><\/p>\n<ul>\n<li>Term\u00e9szetes orr \u00e9s mancs\u00e1pol\u00f3 kr\u00e9m.<\/li>\n<li>Hidrat\u00e1lja a sz\u00e1raz, kirepedezett b\u0151rfel\u00fcletet.<\/li>\n<li>Seg\u00edti meg\u0151rizni a b\u0151r rugalmass\u00e1g\u00e1t.<\/li>\n<li>Nyugtatja \u00e9s v\u00e9di az orr ter\u00fclet\u00e9t.<\/li>\n<li>Allergi\u00e1s \u00e9s \u00e9rz\u00e9kenyb\u0151r\u0171 kuty\u00e1knak sz\u00e1m\u00e1ra is ide\u00e1lis!<\/li>\n<li>P\u00e1lmaolaj felhaszn\u00e1l\u00e1sa n\u00e9lk\u00fcl k\u00e9sz\u00fclt!<\/li>\n<li>Vegyszermentes.<\/li>\n<\/ul>\n<p><strong style=\"font-size: 16px;\"><img decoding=\"async\" class=\"alignnone wp-image-8739\" src=\"https:\/\/dembedesign.hu\/wp-content\/uploads\/2022\/09\/Kepernyofoto-2022-08-29-19.51.31-300x295.png\" sizes=\"(max-width: 123px) 100vw, 123px\" srcset=\"https:\/\/dembedesign.hu\/wp-content\/uploads\/2022\/09\/Kepernyofoto-2022-08-29-19.51.31-300x295.png 300w, https:\/\/dembedesign.hu\/wp-content\/uploads\/2022\/09\/Kepernyofoto-2022-08-29-19.51.31-1024x1007.png 1024w, https:\/\/dembedesign.hu\/wp-content\/uploads\/2022\/09\/Kepernyofoto-2022-08-29-19.51.31-768x755.png 768w, https:\/\/dembedesign.hu\/wp-content\/uploads\/2022\/09\/Kepernyofoto-2022-08-29-19.51.31-12x12.png 12w, https:\/\/dembedesign.hu\/wp-content\/uploads\/2022\/09\/Kepernyofoto-2022-08-29-19.51.31-600x590.png 600w, https:\/\/dembedesign.hu\/wp-content\/uploads\/2022\/09\/Kepernyofoto-2022-08-29-19.51.31.png 1056w\" alt=\"\" width=\"123\" height=\"121\" \/>Nem tartalmaz p\u00e1lmaolajat, k\u0151olajsz\u00e1rmaz\u00e9kokat \u00e9s parab\u00e9nmentes!<\/strong><\/p>\n<p><strong>HOW TO USE YOUR DOG?<\/strong><\/p>\n<ul>\n<li>Tiszt\u00edtsd meg alaposan kuty\u00e1d orr\u00e1t vagy mancs\u00e1t!<\/li>\n<li>V\u00e9kony r\u00e9tegben kend fel a ken\u0151cs\u00f6t az \u00e9rintett ter\u00fcletre, majd gyeng\u00e9den massz\u00edrozd be!<\/li>\n<li>Megel\u0151z\u00e9sk\u00e9nt haszn\u00e1ld napi 1-szer! Probl\u00e9ma eset\u00e9n\u00a0naponta 2-3 alkalommal!<\/li>\n<li>Az els\u0151 haszn\u00e1lat ut\u00e1n 2\u20133 nappal meleg vizes lemos\u00e1ssal t\u00e1vol\u00edtsd el az elhalt b\u0151rr\u00e9teget.<\/li>\n<li>Fontos, hogy a kr\u00e9m legal\u00e1bb n\u00e9h\u00e1ny percig a b\u0151r\u00f6n maradjon, miel\u0151tt a kuty\u00e1d lenyaln\u00e1!<\/li>\n<\/ul>\n<p><strong>ALKALMAZ\u00c1SI TER\u00dcLETEK:<\/strong><\/p>\n<ul>\n<li>Sz\u00e1raz, repedezett orr<\/li>\n<li>\u00c9rz\u00e9keny, ig\u00e9nybe vett mancs<\/li>\n<li>Sz\u00e9ls\u0151s\u00e9ges hideg \u00e9s meleg id\u0151ben<\/li>\n<\/ul>\n<p><strong data-start=\"117\" data-end=\"132\">\u00d6SSZETEV\u0150K: <\/strong>shea vaj, k\u00f3kuszolaj, kenderolaj, m\u00e9hviasz<\/p>\n<p><strong>Storage:<\/strong> Sz\u00e1raz, h\u0171v\u00f6s helyen, k\u00f6zvetlen napf\u00e9nyt\u0151l v\u00e9dve, szobah\u0151m\u00e9rs\u00e9kleten.<\/p>\n<p><strong>How many:<\/strong>\u00a030 ml<\/p>\n<p>&nbsp;<\/p>\n<p>&nbsp;<\/p>","protected":false},"excerpt":{"rendered":"<p>Term\u00e9szetes orr \u00e9s mancs\u00e1pol\u00f3 kr\u00e9m. Hidrat\u00e1lja \u00e9s regener\u00e1lja a sz\u00e1raz, kirepedezett b\u0151rfel\u00fcletet. M\u00e9lyen t\u00e1pl\u00e1lja, nyugtatja \u00e9s v\u00e9di a b\u0151rt. Allergi\u00e1s \u00e9s \u00e9rz\u00e9kenyb\u0151r\u0171 kuty\u00e1knak sz\u00e1m\u00e1ra is ide\u00e1lis! Vegyszermentes.<\/p>\n<p><strong>How many:<\/strong>\u00a030 ml<\/p>","protected":false},"featured_media":19312,"template":"","meta":{"om_disable_all_campaigns":false,"_monsterinsights_skip_tracking":false,"_monsterinsights_sitenote_active":false,"_monsterinsights_sitenote_note":"","_monsterinsights_sitenote_category":0,"site-sidebar-layout":"default","site-content-layout":"default","ast-site-content-layout":"default","site-content-style":"default","site-sidebar-style":"default","ast-global-header-display":"","ast-banner-title-visibility":"","ast-main-header-display":"","ast-hfb-above-header-display":"","ast-hfb-below-header-display":"","ast-hfb-mobile-header-display":"","site-post-title":"","ast-breadcrumbs-content":"","ast-featured-img":"","footer-sml-layout":"","theme-transparent-header-meta":"default","adv-header-id-meta":"","stick-header-meta":"","header-above-stick-meta":"","header-main-stick-meta":"","header-below-stick-meta":"","astra-migrate-meta-layouts":"set","ast-page-background-enabled":"default","ast-page-background-meta":{"desktop":{"background-color":"","background-image":"","background-repeat":"repeat","background-position":"center center","background-size":"auto","background-attachment":"scroll","background-type":"","background-media":"","overlay-type":"","overlay-color":"","overlay-opacity":"","overlay-gradient":""},"tablet":{"background-color":"","background-image":"","background-repeat":"repeat","background-position":"center center","background-size":"auto","background-attachment":"scroll","background-type":"","background-media":"","overlay-type":"","overlay-color":"","overlay-opacity":"","overlay-gradient":""},"mobile":{"background-color":"","background-image":"","background-repeat":"repeat","background-position":"center center","background-size":"auto","background-attachment":"scroll","background-type":"","background-media":"","overlay-type":"","overlay-color":"","overlay-opacity":"","overlay-gradient":""}},"ast-content-background-meta":{"desktop":{"background-color":"var(--ast-global-color-5)","background-image":"","background-repeat":"repeat","background-position":"center center","background-size":"auto","background-attachment":"scroll","background-type":"","background-media":"","overlay-type":"","overlay-color":"","overlay-opacity":"","overlay-gradient":""},"tablet":{"background-color":"var(--ast-global-color-5)","background-image":"","background-repeat":"repeat","background-position":"center center","background-size":"auto","background-attachment":"scroll","background-type":"","background-media":"","overlay-type":"","overlay-color":"","overlay-opacity":"","overlay-gradient":""},"mobile":{"background-color":"var(--ast-global-color-5)","background-image":"","background-repeat":"repeat","background-position":"center center","background-size":"auto","background-attachment":"scroll","background-type":"","background-media":"","overlay-type":"","overlay-color":"","overlay-opacity":"","overlay-gradient":""}}},"product_brand":[],"product_cat":[100],"product_tag":[893,888,894,886,1116,416,587],"class_list":{"0":"post-19307","1":"product","2":"type-product","3":"status-publish","4":"has-post-thumbnail","6":"product_cat-francia-bulldog-naturkozmetikum","7":"product_tag-francia-bulldog-krem","8":"product_tag-kutya-kozmetikum","9":"product_tag-kutya-krem","10":"product_tag-kutya-naturkozmetikum","11":"product_tag-mancs-krem","12":"product_tag-mancsapolo","13":"product_tag-orrapolo","14":"desktop-align-left","15":"tablet-align-left","16":"mobile-align-left","18":"first","19":"instock","20":"shipping-taxable","21":"purchasable","22":"product-type-simple"},"aioseo_notices":[],"_links":{"self":[{"href":"https:\/\/dembedesign.hu\/en\/wp-json\/wp\/v2\/product\/19307","targetHints":{"allow":["GET"]}}],"collection":[{"href":"https:\/\/dembedesign.hu\/en\/wp-json\/wp\/v2\/product"}],"about":[{"href":"https:\/\/dembedesign.hu\/en\/wp-json\/wp\/v2\/types\/product"}],"version-history":[{"count":4,"href":"https:\/\/dembedesign.hu\/en\/wp-json\/wp\/v2\/product\/19307\/revisions"}],"predecessor-version":[{"id":19323,"href":"https:\/\/dembedesign.hu\/en\/wp-json\/wp\/v2\/product\/19307\/revisions\/19323"}],"wp:featuredmedia":[{"embeddable":true,"href":"https:\/\/dembedesign.hu\/en\/wp-json\/wp\/v2\/media\/19312"}],"wp:attachment":[{"href":"https:\/\/dembedesign.hu\/en\/wp-json\/wp\/v2\/media?parent=19307"}],"wp:term":[{"taxonomy":"product_brand","embeddable":true,"href":"https:\/\/dembedesign.hu\/en\/wp-json\/wp\/v2\/product_brand?post=19307"},{"taxonomy":"product_cat","embeddable":true,"href":"https:\/\/dembedesign.hu\/en\/wp-json\/wp\/v2\/product_cat?post=19307"},{"taxonomy":"product_tag","embeddable":true,"href":"https:\/\/dembedesign.hu\/en\/wp-json\/wp\/v2\/product_tag?post=19307"}],"curies":[{"name":"wp","href":"https:\/\/api.w.org\/{rel}","templated":true}]}}

NosePrint &#8211; Orr és mancsápoló krém (hidratáló)

<p data-start="187" data-end="553"><strong data-start="187" data-end="553">A NosePrint egy természetes orr és mancsrápoló krém. Hidratálja és regenerálja a száraz, kirepedezett bőrfelületet, így a mancsaira is nyugodtan kenhetitek. Természetes bőrbarát összetevőket tartalmaz. A benne lévő shea vaj és kókuszolaj mélyen táplálja, nyugtatja és védi a bőrt. Allergiás és érzékenybőrű kutyáknak számára is ideális! Vegyszermentes.</strong></p>
<p><strong>PROPERTIES:</strong></p>
<ul>
<li>Természetes orr és mancsápoló krém.</li>
<li>Hidratálja a száraz, kirepedezett bőrfelületet.</li>
<li>Segíti megőrizni a bőr rugalmasságát.</li>
<li>Nyugtatja és védi az orr területét.</li>
<li>Allergiás és érzékenybőrű kutyáknak számára is ideális!</li>
<li>Pálmaolaj felhasználása nélkül készült!</li>
<li>Vegyszermentes.</li>
</ul>
<p><strong style="font-size: 16px;"><img decoding="async" class="alignnone wp-image-8739" src="https://dembedesign.hu/wp-content/uploads/2022/09/Kepernyofoto-2022-08-29-19.51.31-300x295.png" sizes="(max-width: 123px) 100vw, 123px" srcset="https://dembedesign.hu/wp-content/uploads/2022/09/Kepernyofoto-2022-08-29-19.51.31-300x295.png 300w, https://dembedesign.hu/wp-content/uploads/2022/09/Kepernyofoto-2022-08-29-19.51.31-1024x1007.png 1024w, https://dembedesign.hu/wp-content/uploads/2022/09/Kepernyofoto-2022-08-29-19.51.31-768x755.png 768w, https://dembedesign.hu/wp-content/uploads/2022/09/Kepernyofoto-2022-08-29-19.51.31-12x12.png 12w, https://dembedesign.hu/wp-content/uploads/2022/09/Kepernyofoto-2022-08-29-19.51.31-600x590.png 600w, https://dembedesign.hu/wp-content/uploads/2022/09/Kepernyofoto-2022-08-29-19.51.31.png 1056w" alt="" width="123" height="121" />Nem tartalmaz pálmaolajat, kőolajszármazékokat és parabénmentes!</strong></p>
<p><strong>HOW TO USE YOUR DOG?</strong></p>
<ul>
<li>Tisztítsd meg alaposan kutyád orrát vagy mancsát!</li>
<li>Vékony rétegben kend fel a kenőcsöt az érintett területre, majd gyengéden masszírozd be!</li>
<li>Megelőzésként használd napi 1-szer! Probléma esetén naponta 2-3 alkalommal!</li>
<li>Az első használat után 2–3 nappal meleg vizes lemosással távolítsd el az elhalt bőrréteget.</li>
<li>Fontos, hogy a krém legalább néhány percig a bőrön maradjon, mielőtt a kutyád lenyalná!</li>
</ul>
<p><strong>ALKALMAZÁSI TERÜLETEK:</strong></p>
<ul>
<li>Száraz, repedezett orr</li>
<li>Érzékeny, igénybe vett mancs</li>
<li>Szélsőséges hideg és meleg időben</li>
</ul>
<p><strong data-start="117" data-end="132">ÖSSZETEVŐK: </strong>shea vaj, kókuszolaj, kenderolaj, méhviasz</p>
<p><strong>Storage:</strong> Száraz, hűvös helyen, közvetlen napfénytől védve, szobahőmérsékleten.</p>
<p><strong>How many:</strong> 30 ml</p>
<p>&nbsp;</p>
<p>&nbsp;</p>

<p>Természetes orr és mancsápoló krém. Hidratálja és regenerálja a száraz, kirepedezett bőrfelületet. Mélyen táplálja, nyugtatja és védi a bőrt. Allergiás és érzékenybőrű kutyáknak számára is ideális! Vegyszermentes.</p>
<p><strong>How many:</strong> 30 ml</p>
