{"id":8765,"date":"2022-09-05T01:12:24","date_gmt":"2022-09-04T23:12:24","guid":{"rendered":"https:\/\/dembedesign.hu\/?post_type=product&#038;p=8765"},"modified":"2026-04-23T10:43:01","modified_gmt":"2026-04-23T08:43:01","slug":"sana-szaritott-cekla","status":"publish","type":"product","link":"https:\/\/dembedesign.hu\/en\/product\/sana-szaritott-cekla\/","title":{"rendered":"SANA &#8211; Sz\u00e1r\u00edtott c\u00e9kla"},"content":{"rendered":"<p><strong>Eg\u00e9szs\u00e9ges \u00e9s \u00edzletes sz\u00e1r\u00edtott c\u00e9kla. A k\u00edm\u00e9letes sz\u00e1r\u00edt\u00e1si elj\u00e1r\u00e1snak k\u00f6sz\u00f6nhet\u0151en meg\u0151rzi a benne l\u00e9v\u0151 \u00e9rt\u00e9kes vitaminokat \u00e9s \u00e1sv\u00e1nyi anyagokat. Magas\u00a0folsav \u00e9s vas tartalm\u00fa, \u00edgy seg\u00edti a v\u00f6r\u00f6sv\u00e9rtest k\u00e9pz\u0151d\u00e9s\u00e9t. Cinkben, szel\u00e9nben, betainban,\u00a0C- \u00e9s B-vitaminban gazdag. T\u00e1mogatja az immunrendszert. V\u00e9di a m\u00e1jat, az epeh\u00f3lyagot \u00e9s a sz\u00edvet. Magas rosttartalm\u00e1val seg\u00edti az eg\u00e9szs\u00e9ges b\u00e9lm\u0171k\u00f6d\u00e9st. Felhaszn\u00e1lhat\u00f3 tr\u00e9ning snackk\u00e9nt \u00e9s \u00e9trend kieg\u00e9sz\u00edt\u0151 z\u00f6lds\u00e9gk\u00e9nt is!<\/strong><\/p>\n<p><strong>PROPERTIES:<\/strong><\/p>\n<ul>\n<li>Eg\u00e9szs\u00e9ges \u00e9s \u00edzletes sz\u00e1r\u00edtott c\u00e9kla.<\/li>\n<li>K\u00edm\u00e9letes elj\u00e1r\u00e1ssal, leveg\u0151n sz\u00e1r\u00edt\u00e1ssal k\u00e9sz\u00fcl.<\/li>\n<li>Magas a folsav, a vas, a C- \u00e9s a B-vitamin tartalma.<\/li>\n<li>Seg\u00edti a v\u00f6r\u00f6sv\u00e9rtest k\u00e9pz\u0151d\u00e9s\u00e9t.<\/li>\n<li>T\u00e1mogatja az immunrendszert.<\/li>\n<li>V\u00e9di a m\u00e1jat, az epeh\u00f3lyagot \u00e9s a sz\u00edvet.<\/li>\n<li>Magas rosttartalm\u00e1val seg\u00edti az eg\u00e9szs\u00e9ges b\u00e9lm\u0171k\u00f6d\u00e9st.<\/li>\n<li>Allergi\u00e1ra \u00e9s h\u00edz\u00e1sra hajlamos\u00a0kuty\u00e1k sz\u00e1m\u00e1ra is ide\u00e1lis!<\/li>\n<li>Tr\u00e9ning snackk\u00e9nt \u00e9s \u00e9trend kieg\u00e9sz\u00edt\u0151 z\u00f6lds\u00e9gk\u00e9nt is haszn\u00e1lhat\u00f3!<\/li>\n<\/ul>\n<p><strong>FELHASZN\u00c1L\u00c1S:<\/strong><\/p>\n<ul>\n<li>Haszn\u00e1lhatod sz\u00e1r\u00edtott form\u00e1ban jutalomk\u00e9nt\u00a0a tr\u00e9ning sor\u00e1n!<\/li>\n<li>\u00c9tkez\u00e9st kieg\u00e9sz\u00edt\u0151 z\u00f6lds\u00e9gk\u00e9nt is alkalmazhat\u00f3! A n\u00f6v\u00e9nyi pelyheket 20 percig meleg v\u00edzbe kell \u00e1ztatni, majd \u00f6sszekeverhet\u0151 az \u00e9tellel! A 150 gramm sz\u00e1r\u00edtott c\u00e9kla 375 grammnak felel meg \u00e1ztatva.<\/li>\n<\/ul>\n<p><strong>Ingredients:<\/strong>\u00a0100% c\u00e9kla<\/p>\n<p><strong>Analytical components:<\/strong> 6.7% nyers feh\u00e9rje, 0.12% nyerszs\u00edr, 15%. nyersrost, 7.6%\u00a0nyers hamu,\u00a06.33% nedvess\u00e9g<\/p>\n<p><strong><img decoding=\"async\" class=\"alignnone wp-image-8739\" src=\"https:\/\/dembedesign.hu\/wp-content\/uploads\/2022\/09\/Kepernyofoto-2022-08-29-19.51.31-300x295.png\" alt=\"\" width=\"131\" height=\"129\" srcset=\"https:\/\/dembedesign.hu\/wp-content\/uploads\/2022\/09\/Kepernyofoto-2022-08-29-19.51.31-300x295.png 300w, https:\/\/dembedesign.hu\/wp-content\/uploads\/2022\/09\/Kepernyofoto-2022-08-29-19.51.31-1024x1007.png 1024w, https:\/\/dembedesign.hu\/wp-content\/uploads\/2022\/09\/Kepernyofoto-2022-08-29-19.51.31-768x755.png 768w, https:\/\/dembedesign.hu\/wp-content\/uploads\/2022\/09\/Kepernyofoto-2022-08-29-19.51.31-12x12.png 12w, https:\/\/dembedesign.hu\/wp-content\/uploads\/2022\/09\/Kepernyofoto-2022-08-29-19.51.31-600x590.png 600w, https:\/\/dembedesign.hu\/wp-content\/uploads\/2022\/09\/Kepernyofoto-2022-08-29-19.51.31.png 1056w\" sizes=\"(max-width: 131px) 100vw, 131px\" \/>Nem tartalmaz\u00a0mesters\u00e9ges\u00a0adal\u00e9kanyagokat!<\/strong><strong>\u200b<\/strong>.<\/p>\n<p>\u00dcgyelj\u00fcnk a\u00a0 megfelel\u0151 mennyis\u00e9g\u0171 folyad\u00e9k biztos\u00edt\u00e1s\u00e1ra.<br \/>\nH\u0171v\u00f6s, sz\u00e1raz helyen t\u00e1roland\u00f3. Mindig sz\u00e1raz kanalat haszn\u00e1ljon a t\u00e1lal\u00e1shoz!<\/p>\n<p>&nbsp;<\/p>\n<p>&nbsp;<\/p>","protected":false},"excerpt":{"rendered":"<p>Eg\u00e9szs\u00e9ges \u00e9s \u00edzletes sz\u00e1r\u00edtott c\u00e9kla. Magas\u00a0folsav \u00e9s vas tartalm\u00fa. Seg\u00edti a v\u00f6r\u00f6sv\u00e9rtest k\u00e9pz\u0151d\u00e9s\u00e9t. Cinkben, szel\u00e9nben, betainban \u00e9s vitaminokban gazdag. T\u00e1mogatja az immunrendszert. V\u00e9di a m\u00e1jat, az epeh\u00f3lyagot \u00e9s a sz\u00edvet. Magas rosttartalm\u00e1val seg\u00edti a b\u00e9lm\u0171k\u00f6d\u00e9st. Felhaszn\u00e1lhat\u00f3 tr\u00e9ning snackk\u00e9nt \u00e9s \u00e9trend kieg\u00e9sz\u00edt\u0151 z\u00f6lds\u00e9gk\u00e9nt is!<\/p>\n<p><strong>How many:<\/strong> 150 g<\/p>","protected":false},"featured_media":14267,"template":"","meta":{"om_disable_all_campaigns":false,"_monsterinsights_skip_tracking":false,"_monsterinsights_sitenote_active":false,"_monsterinsights_sitenote_note":"","_monsterinsights_sitenote_category":0,"site-sidebar-layout":"default","site-content-layout":"default","ast-site-content-layout":"default","site-content-style":"default","site-sidebar-style":"default","ast-global-header-display":"","ast-banner-title-visibility":"","ast-main-header-display":"","ast-hfb-above-header-display":"","ast-hfb-below-header-display":"","ast-hfb-mobile-header-display":"","site-post-title":"","ast-breadcrumbs-content":"","ast-featured-img":"","footer-sml-layout":"","theme-transparent-header-meta":"default","adv-header-id-meta":"","stick-header-meta":"","header-above-stick-meta":"","header-main-stick-meta":"","header-below-stick-meta":"","astra-migrate-meta-layouts":"set","ast-page-background-enabled":"default","ast-page-background-meta":{"desktop":{"background-color":"","background-image":"","background-repeat":"repeat","background-position":"center center","background-size":"auto","background-attachment":"scroll","background-type":"","background-media":"","overlay-type":"","overlay-color":"","overlay-opacity":"","overlay-gradient":""},"tablet":{"background-color":"","background-image":"","background-repeat":"repeat","background-position":"center center","background-size":"auto","background-attachment":"scroll","background-type":"","background-media":"","overlay-type":"","overlay-color":"","overlay-opacity":"","overlay-gradient":""},"mobile":{"background-color":"","background-image":"","background-repeat":"repeat","background-position":"center center","background-size":"auto","background-attachment":"scroll","background-type":"","background-media":"","overlay-type":"","overlay-color":"","overlay-opacity":"","overlay-gradient":""}},"ast-content-background-meta":{"desktop":{"background-color":"var(--ast-global-color-5)","background-image":"","background-repeat":"repeat","background-position":"center center","background-size":"auto","background-attachment":"scroll","background-type":"","background-media":"","overlay-type":"","overlay-color":"","overlay-opacity":"","overlay-gradient":""},"tablet":{"background-color":"var(--ast-global-color-5)","background-image":"","background-repeat":"repeat","background-position":"center center","background-size":"auto","background-attachment":"scroll","background-type":"","background-media":"","overlay-type":"","overlay-color":"","overlay-opacity":"","overlay-gradient":""},"mobile":{"background-color":"var(--ast-global-color-5)","background-image":"","background-repeat":"repeat","background-position":"center center","background-size":"auto","background-attachment":"scroll","background-type":"","background-media":"","overlay-type":"","overlay-color":"","overlay-opacity":"","overlay-gradient":""}}},"product_brand":[],"product_cat":[102,693],"product_tag":[663,523,664,453],"class_list":{"0":"post-8765","1":"product","2":"type-product","3":"status-publish","4":"has-post-thumbnail","6":"product_cat-francia-bulldog-jutalomfalat","7":"product_cat-francia-bulldog-zoldseg-gyumolcs","8":"product_tag-cekla","9":"product_tag-sana","10":"product_tag-szaritott-cekla","11":"product_tag-zoldseg","12":"desktop-align-left","13":"tablet-align-left","14":"mobile-align-left","16":"first","17":"instock","18":"shipping-taxable","19":"purchasable","20":"product-type-simple"},"aioseo_notices":[],"_links":{"self":[{"href":"https:\/\/dembedesign.hu\/en\/wp-json\/wp\/v2\/product\/8765","targetHints":{"allow":["GET"]}}],"collection":[{"href":"https:\/\/dembedesign.hu\/en\/wp-json\/wp\/v2\/product"}],"about":[{"href":"https:\/\/dembedesign.hu\/en\/wp-json\/wp\/v2\/types\/product"}],"version-history":[{"count":8,"href":"https:\/\/dembedesign.hu\/en\/wp-json\/wp\/v2\/product\/8765\/revisions"}],"predecessor-version":[{"id":14269,"href":"https:\/\/dembedesign.hu\/en\/wp-json\/wp\/v2\/product\/8765\/revisions\/14269"}],"wp:featuredmedia":[{"embeddable":true,"href":"https:\/\/dembedesign.hu\/en\/wp-json\/wp\/v2\/media\/14267"}],"wp:attachment":[{"href":"https:\/\/dembedesign.hu\/en\/wp-json\/wp\/v2\/media?parent=8765"}],"wp:term":[{"taxonomy":"product_brand","embeddable":true,"href":"https:\/\/dembedesign.hu\/en\/wp-json\/wp\/v2\/product_brand?post=8765"},{"taxonomy":"product_cat","embeddable":true,"href":"https:\/\/dembedesign.hu\/en\/wp-json\/wp\/v2\/product_cat?post=8765"},{"taxonomy":"product_tag","embeddable":true,"href":"https:\/\/dembedesign.hu\/en\/wp-json\/wp\/v2\/product_tag?post=8765"}],"curies":[{"name":"wp","href":"https:\/\/api.w.org\/{rel}","templated":true}]}}

SANA &#8211; Szárított cékla

<p><strong>Egészséges és ízletes szárított cékla. A kíméletes szárítási eljárásnak köszönhetően megőrzi a benne lévő értékes vitaminokat és ásványi anyagokat. Magas folsav és vas tartalmú, így segíti a vörösvértest képződését. Cinkben, szelénben, betainban, C- és B-vitaminban gazdag. Támogatja az immunrendszert. Védi a májat, az epehólyagot és a szívet. Magas rosttartalmával segíti az egészséges bélműködést. Felhasználható tréning snackként és étrend kiegészítő zöldségként is!</strong></p>
<p><strong>PROPERTIES:</strong></p>
<ul>
<li>Egészséges és ízletes szárított cékla.</li>
<li>Kíméletes eljárással, levegőn szárítással készül.</li>
<li>Magas a folsav, a vas, a C- és a B-vitamin tartalma.</li>
<li>Segíti a vörösvértest képződését.</li>
<li>Támogatja az immunrendszert.</li>
<li>Védi a májat, az epehólyagot és a szívet.</li>
<li>Magas rosttartalmával segíti az egészséges bélműködést.</li>
<li>Allergiára és hízásra hajlamos kutyák számára is ideális!</li>
<li>Tréning snackként és étrend kiegészítő zöldségként is használható!</li>
</ul>
<p><strong>FELHASZNÁLÁS:</strong></p>
<ul>
<li>Használhatod szárított formában jutalomként a tréning során!</li>
<li>Étkezést kiegészítő zöldségként is alkalmazható! A növényi pelyheket 20 percig meleg vízbe kell áztatni, majd összekeverhető az étellel! A 150 gramm szárított cékla 375 grammnak felel meg áztatva.</li>
</ul>
<p><strong>Ingredients:</strong> 100% cékla</p>
<p><strong>Analytical components:</strong> 6.7% nyers fehérje, 0.12% nyerszsír, 15%. nyersrost, 7.6% nyers hamu, 6.33% nedvesség</p>
<p><strong><img decoding="async" class="alignnone wp-image-8739" src="https://dembedesign.hu/wp-content/uploads/2022/09/Kepernyofoto-2022-08-29-19.51.31-300x295.png" alt="" width="131" height="129" srcset="https://dembedesign.hu/wp-content/uploads/2022/09/Kepernyofoto-2022-08-29-19.51.31-300x295.png 300w, https://dembedesign.hu/wp-content/uploads/2022/09/Kepernyofoto-2022-08-29-19.51.31-1024x1007.png 1024w, https://dembedesign.hu/wp-content/uploads/2022/09/Kepernyofoto-2022-08-29-19.51.31-768x755.png 768w, https://dembedesign.hu/wp-content/uploads/2022/09/Kepernyofoto-2022-08-29-19.51.31-12x12.png 12w, https://dembedesign.hu/wp-content/uploads/2022/09/Kepernyofoto-2022-08-29-19.51.31-600x590.png 600w, https://dembedesign.hu/wp-content/uploads/2022/09/Kepernyofoto-2022-08-29-19.51.31.png 1056w" sizes="(max-width: 131px) 100vw, 131px" />Nem tartalmaz mesterséges adalékanyagokat!</strong><strong>​</strong>.</p>
<p>Ügyeljünk a  megfelelő mennyiségű folyadék biztosítására.<br />
Hűvös, száraz helyen tárolandó. Mindig száraz kanalat használjon a tálaláshoz!</p>
<p>&nbsp;</p>
<p>&nbsp;</p>

<p>Egészséges és ízletes szárított cékla. Magas folsav és vas tartalmú. Segíti a vörösvértest képződését. Cinkben, szelénben, betainban és vitaminokban gazdag. Támogatja az immunrendszert. Védi a májat, az epehólyagot és a szívet. Magas rosttartalmával segíti a bélműködést. Felhasználható tréning snackként és étrend kiegészítő zöldségként is!</p>
<p><strong>How many:</strong> 150 g</p>
